{"id":18,"date":"2012-01-25T12:39:41","date_gmt":"2012-01-25T12:39:41","guid":{"rendered":"http:\/\/tristanromain.wordpress.com\/?page_id=18"},"modified":"2020-10-03T23:01:45","modified_gmt":"2020-10-03T21:01:45","slug":"photographs-i-like","status":"publish","type":"page","link":"https:\/\/tristanromain.com\/index.php\/photographs-i-like\/","title":{"rendered":"Some Photographers"},"content":{"rendered":"\t\t<div data-elementor-type=\"wp-page\" data-elementor-id=\"18\" class=\"elementor elementor-18\">\n\t\t\t\t\t\t<section class=\"elementor-section elementor-top-section elementor-element elementor-element-3edf5076 elementor-section-boxed elementor-section-height-default elementor-section-height-default\" data-id=\"3edf5076\" data-element_type=\"section\">\n\t\t\t\t\t\t<div class=\"elementor-container elementor-column-gap-default\">\n\t\t\t\t\t<div class=\"elementor-column elementor-col-100 elementor-top-column elementor-element elementor-element-1b51ae55\" data-id=\"1b51ae55\" data-element_type=\"column\">\n\t\t\t<div class=\"elementor-widget-wrap elementor-element-populated\">\n\t\t\t\t\t\t<div class=\"elementor-element elementor-element-c59cd9f elementor-widget elementor-widget-text-editor\" data-id=\"c59cd9f\" data-element_type=\"widget\" data-widget_type=\"text-editor.default\">\n\t\t\t\t<div class=\"elementor-widget-container\">\n\t\t\t\t\t\t\t\t\t<p>Some are most than famous, some may be just amateurs or unknown. I am just a fan of their work!<\/p><p><strong>The legends<\/strong><\/p><p><a href=\"http:\/\/www.henricartierbresson.org\">Henri-Cartier Bresson<\/a><br \/>Brassa\u00ef<br \/>Robert Capa<br \/><a href=\"http:\/\/www.helmutnewton.com\/\"> Helmut Newton<\/a><br \/><a href=\"https:\/\/www.artsy.net\/artist\/andre-kertesz\">Andr\u00e9 Kert\u00e9sz<\/a><br \/><a href=\"http:\/\/www.elliotterwitt.com\">Elliot Erwitt<\/a><br \/><a href=\"https:\/\/www.robert-doisneau.com\/fr\/portfolios\/\">Robert Doisneau<\/a><br \/>Weegee<br \/><a href=\"http:\/\/www.edouard-boubat.fr\/\">Edouard Boubat<\/a><br \/><a href=\"https:\/\/donmccullin.com\/\">Don McCullin<\/a><br \/>Joel-Peter Witkin<br \/><a href=\"https:\/\/www.dominiqueissermann.com\/\">Dominique Issermann<\/a><br \/><a href=\"http:\/\/www.richardavedon.com\">Richard Avedon<\/a><br \/>Raymond Depardon<\/p><p><strong>Modern photographers I like<\/strong><\/p><p>That&#8217;s my list. Please let me know which ones you are fan of.<\/p><p><a href=\"http:\/\/www.hengki-koentjoro.com\/\">Hengki Koentjoro<br \/><\/a><a href=\"http:\/\/flickriver.com\/photos\/45588563@N06\/popular-interesting\/\">Rainer Arend Stahl<\/a><br \/><a href=\"https:\/\/500px.com\/hengkilee\">Hengki Lee<\/a><br \/><a href=\"https:\/\/www.instagram.com\/sean_archer_photo\/\">Sean Archer<\/a><br \/><a href=\"https:\/\/500px.com\/hecho\">Dan Hecho<\/a><a href=\"http:\/\/www.johnnfish.com\/index.aspx\"><br \/><\/a><a href=\"http:\/\/www.rebekkagudleifs.com\">Rebekka Gudleifs<\/a><br \/><a href=\"http:\/\/www.flickr.com\/photos\/i_love_u_get_away_from_me\/\">I_still_believe_in_u<\/a><br \/><a href=\"https:\/\/eshumilova.com\/\">Elena Shumilova<\/a><br \/><a href=\"http:\/\/www.mario-colonel.com\/\">Mario Colonel<\/a><br \/><a href=\"http:\/\/www.ericlafforgue.com\/\">Eric Lafforgue<\/a><br \/><a href=\"https:\/\/1x.com\/member\/scharf\">Georg Scharf<\/a><br \/><a href=\"http:\/\/www.laurent-geslin.com\/\">Laurent Geslin<\/a><br \/><a href=\"http:\/\/alanschaller.com\/\">Alan Schaller<\/a><\/p>\t\t\t\t\t\t\t\t<\/div>\n\t\t\t\t<\/div>\n\t\t\t\t\t<\/div>\n\t\t<\/div>\n\t\t\t\t\t<\/div>\n\t\t<\/section>\n\t\t\t\t<\/div>\n\t\t","protected":false},"excerpt":{"rendered":"<p>Some are most than famous, some may be just amateurs or unknown. I am just a fan of their work! The legends Henri-Cartier BressonBrassa\u00efRobert Capa Helmut NewtonAndr\u00e9 Kert\u00e9szElliot ErwittRobert DoisneauWeegeeEdouard BoubatDon McCullinJoel-Peter WitkinDominique IssermannRichard AvedonRaymond Depardon Modern photographers I like That&#8217;s my list. Please let me know which ones you are fan of. Hengki KoentjoroRainer [&hellip;]<\/p>\n","protected":false},"author":2,"featured_media":170,"parent":0,"menu_order":3,"comment_status":"closed","ping_status":"closed","template":"","meta":{"_bbp_topic_count":0,"_bbp_reply_count":0,"_bbp_total_topic_count":0,"_bbp_total_reply_count":0,"_bbp_voice_count":0,"_bbp_anonymous_reply_count":0,"_bbp_topic_count_hidden":0,"_bbp_reply_count_hidden":0,"_bbp_forum_subforum_count":0,"_monsterinsights_skip_tracking":false,"_monsterinsights_sitenote_active":false,"_monsterinsights_sitenote_note":"","_monsterinsights_sitenote_category":0,"ocean_post_layout":"","ocean_both_sidebars_style":"","ocean_both_sidebars_content_width":0,"ocean_both_sidebars_sidebars_width":0,"ocean_sidebar":"","ocean_second_sidebar":"","ocean_disable_margins":"enable","ocean_add_body_class":"","ocean_shortcode_before_top_bar":"","ocean_shortcode_after_top_bar":"","ocean_shortcode_before_header":"","ocean_shortcode_after_header":"","ocean_has_shortcode":"","ocean_shortcode_after_title":"","ocean_shortcode_before_footer_widgets":"","ocean_shortcode_after_footer_widgets":"","ocean_shortcode_before_footer_bottom":"","ocean_shortcode_after_footer_bottom":"","ocean_display_top_bar":"default","ocean_display_header":"default","ocean_header_style":"","ocean_center_header_left_menu":"","ocean_custom_header_template":"","ocean_custom_logo":0,"ocean_custom_retina_logo":0,"ocean_custom_logo_max_width":0,"ocean_custom_logo_tablet_max_width":0,"ocean_custom_logo_mobile_max_width":0,"ocean_custom_logo_max_height":0,"ocean_custom_logo_tablet_max_height":0,"ocean_custom_logo_mobile_max_height":0,"ocean_header_custom_menu":"","ocean_menu_typo_font_family":"","ocean_menu_typo_font_subset":"","ocean_menu_typo_font_size":0,"ocean_menu_typo_font_size_tablet":0,"ocean_menu_typo_font_size_mobile":0,"ocean_menu_typo_font_size_unit":"px","ocean_menu_typo_font_weight":"","ocean_menu_typo_font_weight_tablet":"","ocean_menu_typo_font_weight_mobile":"","ocean_menu_typo_transform":"","ocean_menu_typo_transform_tablet":"","ocean_menu_typo_transform_mobile":"","ocean_menu_typo_line_height":0,"ocean_menu_typo_line_height_tablet":0,"ocean_menu_typo_line_height_mobile":0,"ocean_menu_typo_line_height_unit":"","ocean_menu_typo_spacing":0,"ocean_menu_typo_spacing_tablet":0,"ocean_menu_typo_spacing_mobile":0,"ocean_menu_typo_spacing_unit":"","ocean_menu_link_color":"","ocean_menu_link_color_hover":"","ocean_menu_link_color_active":"","ocean_menu_link_background":"","ocean_menu_link_hover_background":"","ocean_menu_link_active_background":"","ocean_menu_social_links_bg":"","ocean_menu_social_hover_links_bg":"","ocean_menu_social_links_color":"","ocean_menu_social_hover_links_color":"","ocean_disable_title":"default","ocean_disable_heading":"default","ocean_post_title":"","ocean_post_subheading":"","ocean_post_title_style":"","ocean_post_title_background_color":"","ocean_post_title_background":0,"ocean_post_title_bg_image_position":"","ocean_post_title_bg_image_attachment":"","ocean_post_title_bg_image_repeat":"","ocean_post_title_bg_image_size":"","ocean_post_title_height":0,"ocean_post_title_bg_overlay":0.5,"ocean_post_title_bg_overlay_color":"","ocean_disable_breadcrumbs":"default","ocean_breadcrumbs_color":"","ocean_breadcrumbs_separator_color":"","ocean_breadcrumbs_links_color":"","ocean_breadcrumbs_links_hover_color":"","ocean_display_footer_widgets":"default","ocean_display_footer_bottom":"default","ocean_custom_footer_template":"","osh_disable_topbar_sticky":"default","osh_disable_header_sticky":"default","osh_sticky_header_style":"default","osh_sticky_header_effect":"","osh_custom_sticky_logo":0,"osh_custom_retina_sticky_logo":0,"osh_custom_sticky_logo_height":0,"osh_background_color":"","osh_links_color":"","osh_links_hover_color":"","osh_links_active_color":"","osh_links_bg_color":"","osh_links_hover_bg_color":"","osh_links_active_bg_color":"","osh_menu_social_links_color":"","osh_menu_social_hover_links_color":"","footnotes":""},"class_list":["post-18","page","type-page","status-publish","has-post-thumbnail","hentry","entry","has-media"],"_links":{"self":[{"href":"https:\/\/tristanromain.com\/index.php\/wp-json\/wp\/v2\/pages\/18","targetHints":{"allow":["GET"]}}],"collection":[{"href":"https:\/\/tristanromain.com\/index.php\/wp-json\/wp\/v2\/pages"}],"about":[{"href":"https:\/\/tristanromain.com\/index.php\/wp-json\/wp\/v2\/types\/page"}],"author":[{"embeddable":true,"href":"https:\/\/tristanromain.com\/index.php\/wp-json\/wp\/v2\/users\/2"}],"replies":[{"embeddable":true,"href":"https:\/\/tristanromain.com\/index.php\/wp-json\/wp\/v2\/comments?post=18"}],"version-history":[{"count":3,"href":"https:\/\/tristanromain.com\/index.php\/wp-json\/wp\/v2\/pages\/18\/revisions"}],"predecessor-version":[{"id":1350,"href":"https:\/\/tristanromain.com\/index.php\/wp-json\/wp\/v2\/pages\/18\/revisions\/1350"}],"wp:featuredmedia":[{"embeddable":true,"href":"https:\/\/tristanromain.com\/index.php\/wp-json\/wp\/v2\/media\/170"}],"wp:attachment":[{"href":"https:\/\/tristanromain.com\/index.php\/wp-json\/wp\/v2\/media?parent=18"}],"curies":[{"name":"wp","href":"https:\/\/api.w.org\/{rel}","templated":true}]}}